{"id":256,"date":"2025-08-04T11:41:52","date_gmt":"2025-08-04T11:41:52","guid":{"rendered":"https:\/\/ya-toula.com\/?page_id=256"},"modified":"2025-08-05T09:41:31","modified_gmt":"2025-08-05T09:41:31","slug":"a-propos","status":"publish","type":"page","link":"https:\/\/ya-toula.com\/index.php\/a-propos\/","title":{"rendered":"A propos"},"content":{"rendered":"\n<div class=\"automatic-slideshow-2\" class=\"wp-block-tishonator-automatic-slider-block\"><div class=\"slides\"><a href=\"#\" class=\"slide\"><img decoding=\"async\" src=\"http:\/\/ya-toula.com\/wp-content\/uploads\/2025\/07\/gwen-consult.webp\" alt=\"\"\/><\/a><\/div><div class=\"controls\"><a href=\"#\" class=\"control\">1<\/a><\/div><\/div>\n\n\n\n<h2 class=\"wp-block-heading\">Qu&rsquo;est-ce que le Lorem Ipsum?<\/h2>\n\n\n\n<p>Le <strong>Lorem Ipsum<\/strong> est simplement du faux texte employ\u00e9 dans la composition et la mise en page avant impression. Le Lorem Ipsum est le faux texte standard de l&rsquo;imprimerie depuis les ann\u00e9es 1500, quand un imprimeur anonyme assembla ensemble des morceaux de texte pour r\u00e9aliser un livre sp\u00e9cimen de polices de texte. Il n&rsquo;a pas fait que survivre cinq si\u00e8cles, mais s&rsquo;est aussi adapt\u00e9 \u00e0 la bureautique informatique, sans que son contenu n&rsquo;en soit modifi\u00e9. Il a \u00e9t\u00e9 popularis\u00e9 dans les ann\u00e9es 1960 gr\u00e2ce \u00e0 la vente de feuilles Letraset contenant des passages du Lorem Ipsum, et, plus r\u00e9cemment, par son inclusion dans des applications de mise en page de texte, comme Aldus PageMaker.<\/p>\n\n\n\n<h2 class=\"wp-block-heading\">Pourquoi l&rsquo;utiliser?<\/h2>\n\n\n\n<p>On sait depuis longtemps que travailler avec du texte lisible et contenant du sens est source de distractions, et emp\u00eache de se concentrer sur la mise en page elle-m\u00eame. L&rsquo;avantage du Lorem Ipsum sur un texte g\u00e9n\u00e9rique comme &lsquo;Du texte. Du texte. Du texte.&rsquo; est qu&rsquo;il poss\u00e8de une distribution de lettres plus ou moins normale, et en tout cas comparable avec celle du fran\u00e7ais standard. De nombreuses suites logicielles de mise en page ou \u00e9diteurs de sites Web ont fait du Lorem Ipsum leur faux texte par d\u00e9faut, et une recherche pour &lsquo;Lorem Ipsum&rsquo; vous conduira vers de nombreux sites qui n&rsquo;en sont encore qu&rsquo;\u00e0 leur phase de construction. Plusieurs versions sont apparues avec le temps, parfois par accident, souvent intentionnellement (histoire d&rsquo;y rajouter de petits clins d&rsquo;oeil, voire des phrases embarassantes).<\/p>\n\n\n\n<h2 class=\"wp-block-heading\">D&rsquo;o\u00f9 vient-il?<\/h2>\n\n\n\n<p>Contrairement \u00e0 une opinion r\u00e9pandue, le Lorem Ipsum n&rsquo;est pas simplement du texte al\u00e9atoire. Il trouve ses racines dans une oeuvre de la litt\u00e9rature latine classique datant de 45 av. J.-C., le rendant vieux de 2000 ans. Un professeur du Hampden-Sydney College, en Virginie, s&rsquo;est int\u00e9ress\u00e9 \u00e0 un des mots latins les plus obscurs, consectetur, extrait d&rsquo;un passage du Lorem Ipsum, et en \u00e9tudiant tous les usages de ce mot dans la litt\u00e9rature classique, d\u00e9couvrit la source incontestable du Lorem Ipsum. Il provient en fait des sections 1.10.32 et 1.10.33 du \u00ab\u00a0De Finibus Bonorum et Malorum\u00a0\u00bb (Des Supr\u00eames Biens et des Supr\u00eames Maux) de Cic\u00e9ron. Cet ouvrage, tr\u00e8s populaire pendant la Renaissance, est un trait\u00e9 sur la th\u00e9orie de l&rsquo;\u00e9thique. Les premi\u00e8res lignes du Lorem Ipsum, \u00ab\u00a0Lorem ipsum dolor sit amet&#8230;\u00a0\u00bb, proviennent de la section 1.10.32.<\/p>\n\n\n\n<p>L&rsquo;extrait standard de Lorem Ipsum utilis\u00e9 depuis le XVI\u00e8 si\u00e8cle est reproduit ci-dessous pour les curieux. Les sections 1.10.32 et 1.10.33 du \u00ab\u00a0De Finibus Bonorum et Malorum\u00a0\u00bb de Cic\u00e9ron sont aussi reproduites dans leur version originale, accompagn\u00e9e de la traduction anglaise de H. Rackham (1914).<\/p>\n","protected":false},"excerpt":{"rendered":"<p>Qu&rsquo;est-ce que le Lorem Ipsum? Le Lorem Ipsum est simplement du faux texte employ\u00e9 dans la composition et la mise en page avant impression. Le Lorem Ipsum est le faux texte standard de l&rsquo;imprimerie depuis les ann\u00e9es 1500, quand un imprimeur anonyme assembla ensemble des morceaux de texte pour r\u00e9aliser un livre sp\u00e9cimen de polices [&hellip;]<\/p>\n","protected":false},"author":1,"featured_media":0,"parent":0,"menu_order":0,"comment_status":"closed","ping_status":"closed","template":"","meta":{"footnotes":""},"class_list":["post-256","page","type-page","status-publish","hentry"],"yoast_head":"<!-- This site is optimized with the Yoast SEO plugin v25.4 - https:\/\/yoast.com\/wordpress\/plugins\/seo\/ -->\n<title>A propos -<\/title>\n<meta name=\"robots\" content=\"index, follow, max-snippet:-1, max-image-preview:large, max-video-preview:-1\" \/>\n<link rel=\"canonical\" href=\"https:\/\/ya-toula.com\/index.php\/a-propos\/\" \/>\n<meta property=\"og:locale\" content=\"fr_FR\" \/>\n<meta property=\"og:type\" content=\"article\" \/>\n<meta property=\"og:title\" content=\"A propos -\" \/>\n<meta property=\"og:description\" content=\"Qu&rsquo;est-ce que le Lorem Ipsum? Le Lorem Ipsum est simplement du faux texte employ\u00e9 dans la composition et la mise en page avant impression. Le Lorem Ipsum est le faux texte standard de l&rsquo;imprimerie depuis les ann\u00e9es 1500, quand un imprimeur anonyme assembla ensemble des morceaux de texte pour r\u00e9aliser un livre sp\u00e9cimen de polices [&hellip;]\" \/>\n<meta property=\"og:url\" content=\"https:\/\/ya-toula.com\/index.php\/a-propos\/\" \/>\n<meta property=\"article:modified_time\" content=\"2025-08-05T09:41:31+00:00\" \/>\n<meta property=\"og:image\" content=\"http:\/\/ya-toula.com\/wp-content\/uploads\/2025\/07\/gwen-consult.webp\" \/>\n<meta name=\"twitter:card\" content=\"summary_large_image\" \/>\n<meta name=\"twitter:label1\" content=\"Dur\u00e9e de lecture est.\" \/>\n\t<meta name=\"twitter:data1\" content=\"3 minutes\" \/>\n<script type=\"application\/ld+json\" class=\"yoast-schema-graph\">{\"@context\":\"https:\/\/schema.org\",\"@graph\":[{\"@type\":\"WebPage\",\"@id\":\"https:\/\/ya-toula.com\/index.php\/a-propos\/\",\"url\":\"https:\/\/ya-toula.com\/index.php\/a-propos\/\",\"name\":\"A propos -\",\"isPartOf\":{\"@id\":\"https:\/\/ya-toula.com\/#website\"},\"primaryImageOfPage\":{\"@id\":\"https:\/\/ya-toula.com\/index.php\/a-propos\/#primaryimage\"},\"image\":{\"@id\":\"https:\/\/ya-toula.com\/index.php\/a-propos\/#primaryimage\"},\"thumbnailUrl\":\"http:\/\/ya-toula.com\/wp-content\/uploads\/2025\/07\/gwen-consult.webp\",\"datePublished\":\"2025-08-04T11:41:52+00:00\",\"dateModified\":\"2025-08-05T09:41:31+00:00\",\"breadcrumb\":{\"@id\":\"https:\/\/ya-toula.com\/index.php\/a-propos\/#breadcrumb\"},\"inLanguage\":\"fr-BE\",\"potentialAction\":[{\"@type\":\"ReadAction\",\"target\":[\"https:\/\/ya-toula.com\/index.php\/a-propos\/\"]}]},{\"@type\":\"ImageObject\",\"inLanguage\":\"fr-BE\",\"@id\":\"https:\/\/ya-toula.com\/index.php\/a-propos\/#primaryimage\",\"url\":\"http:\/\/ya-toula.com\/wp-content\/uploads\/2025\/07\/gwen-consult.webp\",\"contentUrl\":\"http:\/\/ya-toula.com\/wp-content\/uploads\/2025\/07\/gwen-consult.webp\"},{\"@type\":\"BreadcrumbList\",\"@id\":\"https:\/\/ya-toula.com\/index.php\/a-propos\/#breadcrumb\",\"itemListElement\":[{\"@type\":\"ListItem\",\"position\":1,\"name\":\"Accueil\",\"item\":\"https:\/\/ya-toula.com\/\"},{\"@type\":\"ListItem\",\"position\":2,\"name\":\"A propos\"}]},{\"@type\":\"WebSite\",\"@id\":\"https:\/\/ya-toula.com\/#website\",\"url\":\"https:\/\/ya-toula.com\/\",\"name\":\"\",\"description\":\"\",\"potentialAction\":[{\"@type\":\"SearchAction\",\"target\":{\"@type\":\"EntryPoint\",\"urlTemplate\":\"https:\/\/ya-toula.com\/?s={search_term_string}\"},\"query-input\":{\"@type\":\"PropertyValueSpecification\",\"valueRequired\":true,\"valueName\":\"search_term_string\"}}],\"inLanguage\":\"fr-BE\"}]}<\/script>\n<!-- \/ Yoast SEO plugin. -->","yoast_head_json":{"title":"A propos -","robots":{"index":"index","follow":"follow","max-snippet":"max-snippet:-1","max-image-preview":"max-image-preview:large","max-video-preview":"max-video-preview:-1"},"canonical":"https:\/\/ya-toula.com\/index.php\/a-propos\/","og_locale":"fr_FR","og_type":"article","og_title":"A propos -","og_description":"Qu&rsquo;est-ce que le Lorem Ipsum? Le Lorem Ipsum est simplement du faux texte employ\u00e9 dans la composition et la mise en page avant impression. Le Lorem Ipsum est le faux texte standard de l&rsquo;imprimerie depuis les ann\u00e9es 1500, quand un imprimeur anonyme assembla ensemble des morceaux de texte pour r\u00e9aliser un livre sp\u00e9cimen de polices [&hellip;]","og_url":"https:\/\/ya-toula.com\/index.php\/a-propos\/","article_modified_time":"2025-08-05T09:41:31+00:00","og_image":[{"url":"http:\/\/ya-toula.com\/wp-content\/uploads\/2025\/07\/gwen-consult.webp","type":"","width":"","height":""}],"twitter_card":"summary_large_image","twitter_misc":{"Dur\u00e9e de lecture est.":"3 minutes"},"schema":{"@context":"https:\/\/schema.org","@graph":[{"@type":"WebPage","@id":"https:\/\/ya-toula.com\/index.php\/a-propos\/","url":"https:\/\/ya-toula.com\/index.php\/a-propos\/","name":"A propos -","isPartOf":{"@id":"https:\/\/ya-toula.com\/#website"},"primaryImageOfPage":{"@id":"https:\/\/ya-toula.com\/index.php\/a-propos\/#primaryimage"},"image":{"@id":"https:\/\/ya-toula.com\/index.php\/a-propos\/#primaryimage"},"thumbnailUrl":"http:\/\/ya-toula.com\/wp-content\/uploads\/2025\/07\/gwen-consult.webp","datePublished":"2025-08-04T11:41:52+00:00","dateModified":"2025-08-05T09:41:31+00:00","breadcrumb":{"@id":"https:\/\/ya-toula.com\/index.php\/a-propos\/#breadcrumb"},"inLanguage":"fr-BE","potentialAction":[{"@type":"ReadAction","target":["https:\/\/ya-toula.com\/index.php\/a-propos\/"]}]},{"@type":"ImageObject","inLanguage":"fr-BE","@id":"https:\/\/ya-toula.com\/index.php\/a-propos\/#primaryimage","url":"http:\/\/ya-toula.com\/wp-content\/uploads\/2025\/07\/gwen-consult.webp","contentUrl":"http:\/\/ya-toula.com\/wp-content\/uploads\/2025\/07\/gwen-consult.webp"},{"@type":"BreadcrumbList","@id":"https:\/\/ya-toula.com\/index.php\/a-propos\/#breadcrumb","itemListElement":[{"@type":"ListItem","position":1,"name":"Accueil","item":"https:\/\/ya-toula.com\/"},{"@type":"ListItem","position":2,"name":"A propos"}]},{"@type":"WebSite","@id":"https:\/\/ya-toula.com\/#website","url":"https:\/\/ya-toula.com\/","name":"","description":"","potentialAction":[{"@type":"SearchAction","target":{"@type":"EntryPoint","urlTemplate":"https:\/\/ya-toula.com\/?s={search_term_string}"},"query-input":{"@type":"PropertyValueSpecification","valueRequired":true,"valueName":"search_term_string"}}],"inLanguage":"fr-BE"}]}},"_links":{"self":[{"href":"https:\/\/ya-toula.com\/index.php\/wp-json\/wp\/v2\/pages\/256","targetHints":{"allow":["GET"]}}],"collection":[{"href":"https:\/\/ya-toula.com\/index.php\/wp-json\/wp\/v2\/pages"}],"about":[{"href":"https:\/\/ya-toula.com\/index.php\/wp-json\/wp\/v2\/types\/page"}],"author":[{"embeddable":true,"href":"https:\/\/ya-toula.com\/index.php\/wp-json\/wp\/v2\/users\/1"}],"replies":[{"embeddable":true,"href":"https:\/\/ya-toula.com\/index.php\/wp-json\/wp\/v2\/comments?post=256"}],"version-history":[{"count":2,"href":"https:\/\/ya-toula.com\/index.php\/wp-json\/wp\/v2\/pages\/256\/revisions"}],"predecessor-version":[{"id":315,"href":"https:\/\/ya-toula.com\/index.php\/wp-json\/wp\/v2\/pages\/256\/revisions\/315"}],"wp:attachment":[{"href":"https:\/\/ya-toula.com\/index.php\/wp-json\/wp\/v2\/media?parent=256"}],"curies":[{"name":"wp","href":"https:\/\/api.w.org\/{rel}","templated":true}]}}